{"id":71972,"date":"2019-03-28T08:32:25","date_gmt":"2019-03-28T07:32:25","guid":{"rendered":"http:\/\/ekaltech.pl\/?page_id=71972"},"modified":"2019-06-14T10:52:13","modified_gmt":"2019-06-14T08:52:13","slug":"kultura-firmy","status":"publish","type":"page","link":"https:\/\/ekaltech.pl\/index.php\/kultura-firmy\/","title":{"rendered":"Kultura firmy"},"content":{"rendered":"\t\t<div data-elementor-type=\"wp-page\" data-elementor-id=\"71972\" class=\"elementor elementor-71972 elementor-bc-flex-widget\">\n\t\t\t\t\t\t<section class=\"elementor-section elementor-top-section elementor-element elementor-element-1i505fc elementor-section-stretched elementor-section-full_width elementor-section-height-default elementor-section-height-default\" data-id=\"1i505fc\" data-element_type=\"section\" data-e-type=\"section\" data-settings=\"{&quot;stretch_section&quot;:&quot;section-stretched&quot;}\">\n\t\t\t\t\t\t<div class=\"elementor-container elementor-column-gap-default\">\n\t\t\t\t\t<div class=\"elementor-column elementor-col-16 elementor-top-column elementor-element elementor-element-g6ishmq\" data-id=\"g6ishmq\" data-element_type=\"column\" data-e-type=\"column\">\n\t\t\t<div class=\"elementor-widget-wrap\">\n\t\t\t\t\t\t\t<\/div>\n\t\t<\/div>\n\t\t\t\t<div class=\"elementor-column elementor-col-66 elementor-top-column elementor-element elementor-element-i8phfkq\" data-id=\"i8phfkq\" data-element_type=\"column\" data-e-type=\"column\">\n\t\t\t<div class=\"elementor-widget-wrap elementor-element-populated\">\n\t\t\t\t\t\t<div class=\"elementor-element elementor-element-m0sq0sr elementor-widget elementor-widget-html\" data-id=\"m0sq0sr\" data-element_type=\"widget\" data-e-type=\"widget\" data-widget_type=\"html.default\">\n\t\t\t\t<div class=\"elementor-widget-container\">\n\t\t\t\t\t<style>\n    div.title {\n        text-align: center;\n        font-family: Times;\n    }\n    div.subtitle {\n        font-size: 28px;\n        font-family: Times;\n    }\n    div.artTitle {\n        font-size: 22px;\n        text-align: justify;\n        font-family: Times;\n    }\n    \n<\/style>\n\n<h2><b><div class=\"title\">WARTO\u015aCI I PRIORYTETY EKALTECH<\/div<\/b><\/h2>\n<div class=\"subtitle\">Wizja firmy<\/div>\n<div class=\"artTitle\">Naszym celem jest Zrozumie\u0107 potrzeby klienta, dostarczaj\u0105c optymalne innowacyjne rozwi\u0105zania.\nPoznajemy konkretne potrzeby naszych klient\u00f3w i ich problemy  zapewniaj\u0105c im najwy\u017csz\u0105 jako\u015b\u0107 us\u0142ug.\nGotowo\u015b\u0107 do podj\u0119cia odpowiedzialno\u015bci jest nasz\u0105 mocn\u0105 stron\u0105,  przywi\u0105zujemy wielk\u0105 wag\u0119 do zapewnienia sukcesu naszym klientom dzi\u0119ki oferowanym rozwi\u0105zaniom.<\/div>\n<br>\n<div class=\"subtitle\">Rozw\u00f3j firmy<\/div>\n<div class=\"artTitle\">Od 11 lat EKALTECH poszerza swoja ofert\u0119 o nowe rozwi\u0105zania i us\u0142ugi w ka\u017cdej bran\u017cy przemys\u0142u.<\/div>\n\n<h2><div class=\"title\">ROZW\u00d3J PRACOWNIKA<\/div><\/h2>\n<div class=\"subtitle\">Szkolenia<\/div>\n<div class=\"artTitle\">Pracownicy  maj\u0105 mo\u017cliwo\u015b\u0107 udzia\u0142u w wielu bran\u017cowych szkoleniach, dzi\u0119ki czemu posiadaj\u0105 aktualn\u0105 wiedz\u0119 na temat \u015bwiatowych trend\u00f3w automatyki przemys\u0142owej i utrzymania ruchu.<\/div>\n\n<div class=\"artTitle\">W okresie wdro\u017ceniowym kandydat otrzymuje  opiek\u0119 do\u015bwiadczonego wsp\u00f3\u0142pracownika co pomaga mu szybko pozna\u0107 zakres obowi\u0105zk\u00f3w, nabra\u0107 odpowiednich nawyk\u00f3w i  pokona\u0107 nawa\u0142 informacji na pocz\u0105tku kariery.<\/div>\n\n<br>\n<div class=\"subtitle\">Spotkania dyskusyjne.<\/div>\n<div class=\"artTitle\">Stawiamy na dialog i przep\u0142yw informacji. W tym celu spotykamy si\u0119 na cotygodniowych spotkaniach w zespo\u0142ach projektowych, by om\u00f3wi\u0107 post\u0119py w realizacji zada\u0144 i wsp\u00f3lnie zaplanowa\u0107 wyzwania na kolejny tydzie\u0144.<\/div>\n<br>\n<div class=\"subtitle\">Wyjazdy integracyjne.<\/div>\n<div class=\"artTitle\">Stosunki interpersonalne w EKALTECH wzmacniamy poprzez integracj\u0119, wsp\u00f3lne zaanga\u017cowanie w dzia\u0142ania poza firm\u0105, wzajemny rozw\u00f3j zainteresowa\u0144 i mi\u0142e sp\u0119dzenie czasu wolnego.<\/div>\n\t\t\t\t<\/div>\n\t\t\t\t<\/div>\n\t\t\t\t\t<\/div>\n\t\t<\/div>\n\t\t\t\t<div class=\"elementor-column elementor-col-16 elementor-top-column elementor-element elementor-element-2chf9de\" data-id=\"2chf9de\" data-element_type=\"column\" data-e-type=\"column\">\n\t\t\t<div class=\"elementor-widget-wrap\">\n\t\t\t\t\t\t\t<\/div>\n\t\t<\/div>\n\t\t\t\t\t<\/div>\n\t\t<\/section>\n\t\t\t\t<section class=\"elementor-section elementor-top-section elementor-element elementor-element-3o2m0ma elementor-section-stretched elementor-section-boxed elementor-section-height-default elementor-section-height-default\" data-id=\"3o2m0ma\" data-element_type=\"section\" data-e-type=\"section\" data-settings=\"{&quot;stretch_section&quot;:&quot;section-stretched&quot;}\">\n\t\t\t\t\t\t<div class=\"elementor-container elementor-column-gap-default\">\n\t\t\t\t\t<div class=\"elementor-column elementor-col-16 elementor-top-column elementor-element elementor-element-i9kncns\" data-id=\"i9kncns\" data-element_type=\"column\" data-e-type=\"column\">\n\t\t\t<div class=\"elementor-widget-wrap\">\n\t\t\t\t\t\t\t<\/div>\n\t\t<\/div>\n\t\t\t\t<div class=\"elementor-column elementor-col-66 elementor-top-column elementor-element elementor-element-mti29pp\" data-id=\"mti29pp\" data-element_type=\"column\" data-e-type=\"column\">\n\t\t\t<div class=\"elementor-widget-wrap elementor-element-populated\">\n\t\t\t\t\t\t<div class=\"elementor-element elementor-element-z9n5do0 elementor-widget elementor-widget-image\" data-id=\"z9n5do0\" data-element_type=\"widget\" data-e-type=\"widget\" data-widget_type=\"image.default\">\n\t\t\t\t<div class=\"elementor-widget-container\">\n\t\t\t\t\t\t\t\t\t\t\t\t\t\t\t<img fetchpriority=\"high\" decoding=\"async\" width=\"1070\" height=\"535\" src=\"https:\/\/ekaltech.pl\/wp-content\/uploads\/2019\/06\/zdjecie_KULTURA_FIRMY-Copy-1070x535.jpg\" class=\"attachment-ccfw-blog-featured-top-nosidebar size-ccfw-blog-featured-top-nosidebar wp-image-72011\" alt=\"\" srcset=\"https:\/\/ekaltech.pl\/wp-content\/uploads\/2019\/06\/zdjecie_KULTURA_FIRMY-Copy-1070x535.jpg 1070w, https:\/\/ekaltech.pl\/wp-content\/uploads\/2019\/06\/zdjecie_KULTURA_FIRMY-Copy-760x380.jpg 760w\" sizes=\"(max-width: 1070px) 100vw, 1070px\" \/>\t\t\t\t\t\t\t\t\t\t\t\t\t\t\t<\/div>\n\t\t\t\t<\/div>\n\t\t\t\t\t<\/div>\n\t\t<\/div>\n\t\t\t\t<div class=\"elementor-column elementor-col-16 elementor-top-column elementor-element elementor-element-ergupyc\" data-id=\"ergupyc\" data-element_type=\"column\" data-e-type=\"column\">\n\t\t\t<div class=\"elementor-widget-wrap\">\n\t\t\t\t\t\t\t<\/div>\n\t\t<\/div>\n\t\t\t\t\t<\/div>\n\t\t<\/section>\n\t\t\t\t<\/div>\n\t\t","protected":false},"excerpt":{"rendered":"<p>WARTO\u015aCI I PRIORYTETY EKALTECH Wizja firmy Naszym celem jest Zrozumie\u0107 potrzeby klienta, dostarczaj\u0105c optymalne innowacyjne rozwi\u0105zania. Poznajemy konkretne potrzeby naszych klient\u00f3w i ich problemy zapewniaj\u0105c im najwy\u017csz\u0105 jako\u015b\u0107 us\u0142ug. Gotowo\u015b\u0107 do podj\u0119cia odpowiedzialno\u015bci jest nasz\u0105 mocn\u0105 stron\u0105, przywi\u0105zujemy wielk\u0105 wag\u0119 do zapewnienia sukcesu naszym klientom dzi\u0119ki oferowanym rozwi\u0105zaniom. Rozw\u00f3j firmy Od 11 lat EKALTECH poszerza [&hellip;]<\/p>\n","protected":false},"author":1,"featured_media":0,"parent":0,"menu_order":0,"comment_status":"closed","ping_status":"closed","template":"","meta":{"footnotes":""},"class_list":["post-71972","page","type-page","status-publish","hentry"],"yoast_head":"<!-- This site is optimized with the Yoast SEO plugin v27.3 - https:\/\/yoast.com\/product\/yoast-seo-wordpress\/ -->\r\n<title>Kultura firmy - Ekaltech Biuro In\u017cynierii Systemowej<\/title>\r\n<meta name=\"robots\" content=\"index, follow, max-snippet:-1, max-image-preview:large, max-video-preview:-1\" \/>\r\n<link rel=\"canonical\" href=\"https:\/\/ekaltech.pl\/index.php\/kultura-firmy\/\" \/>\r\n<meta property=\"og:locale\" content=\"pl_PL\" \/>\r\n<meta property=\"og:type\" content=\"article\" \/>\r\n<meta property=\"og:title\" content=\"Kultura firmy - Ekaltech Biuro In\u017cynierii Systemowej\" \/>\r\n<meta property=\"og:description\" content=\"WARTO\u015aCI I PRIORYTETY EKALTECH Wizja firmy Naszym celem jest Zrozumie\u0107 potrzeby klienta, dostarczaj\u0105c optymalne innowacyjne rozwi\u0105zania. Poznajemy konkretne potrzeby naszych klient\u00f3w i ich problemy zapewniaj\u0105c im najwy\u017csz\u0105 jako\u015b\u0107 us\u0142ug. Gotowo\u015b\u0107 do podj\u0119cia odpowiedzialno\u015bci jest nasz\u0105 mocn\u0105 stron\u0105, przywi\u0105zujemy wielk\u0105 wag\u0119 do zapewnienia sukcesu naszym klientom dzi\u0119ki oferowanym rozwi\u0105zaniom. Rozw\u00f3j firmy Od 11 lat EKALTECH poszerza [&hellip;]\" \/>\r\n<meta property=\"og:url\" content=\"https:\/\/ekaltech.pl\/index.php\/kultura-firmy\/\" \/>\r\n<meta property=\"og:site_name\" content=\"Ekaltech Biuro In\u017cynierii Systemowej\" \/>\r\n<meta property=\"article:modified_time\" content=\"2019-06-14T08:52:13+00:00\" \/>\r\n<meta property=\"og:image\" content=\"http:\/\/ekaltech.pl\/wp-content\/uploads\/2019\/06\/zdjecie_KULTURA_FIRMY-Copy-1070x535.jpg\" \/>\r\n<meta name=\"twitter:card\" content=\"summary_large_image\" \/>\r\n<meta name=\"twitter:label1\" content=\"Szacowany czas czytania\" \/>\n\t<meta name=\"twitter:data1\" content=\"1 minuta\" \/>\r\n<script type=\"application\/ld+json\" class=\"yoast-schema-graph\">{\"@context\":\"https:\\\/\\\/schema.org\",\"@graph\":[{\"@type\":\"WebPage\",\"@id\":\"https:\\\/\\\/ekaltech.pl\\\/index.php\\\/kultura-firmy\\\/\",\"url\":\"https:\\\/\\\/ekaltech.pl\\\/index.php\\\/kultura-firmy\\\/\",\"name\":\"Kultura firmy - Ekaltech Biuro In\u017cynierii Systemowej\",\"isPartOf\":{\"@id\":\"https:\\\/\\\/ekaltech.pl\\\/#website\"},\"primaryImageOfPage\":{\"@id\":\"https:\\\/\\\/ekaltech.pl\\\/index.php\\\/kultura-firmy\\\/#primaryimage\"},\"image\":{\"@id\":\"https:\\\/\\\/ekaltech.pl\\\/index.php\\\/kultura-firmy\\\/#primaryimage\"},\"thumbnailUrl\":\"http:\\\/\\\/ekaltech.pl\\\/wp-content\\\/uploads\\\/2019\\\/06\\\/zdjecie_KULTURA_FIRMY-Copy-1070x535.jpg\",\"datePublished\":\"2019-03-28T07:32:25+00:00\",\"dateModified\":\"2019-06-14T08:52:13+00:00\",\"breadcrumb\":{\"@id\":\"https:\\\/\\\/ekaltech.pl\\\/index.php\\\/kultura-firmy\\\/#breadcrumb\"},\"inLanguage\":\"pl-PL\",\"potentialAction\":[{\"@type\":\"ReadAction\",\"target\":[\"https:\\\/\\\/ekaltech.pl\\\/index.php\\\/kultura-firmy\\\/\"]}]},{\"@type\":\"ImageObject\",\"inLanguage\":\"pl-PL\",\"@id\":\"https:\\\/\\\/ekaltech.pl\\\/index.php\\\/kultura-firmy\\\/#primaryimage\",\"url\":\"http:\\\/\\\/ekaltech.pl\\\/wp-content\\\/uploads\\\/2019\\\/06\\\/zdjecie_KULTURA_FIRMY-Copy-1070x535.jpg\",\"contentUrl\":\"http:\\\/\\\/ekaltech.pl\\\/wp-content\\\/uploads\\\/2019\\\/06\\\/zdjecie_KULTURA_FIRMY-Copy-1070x535.jpg\"},{\"@type\":\"BreadcrumbList\",\"@id\":\"https:\\\/\\\/ekaltech.pl\\\/index.php\\\/kultura-firmy\\\/#breadcrumb\",\"itemListElement\":[{\"@type\":\"ListItem\",\"position\":1,\"name\":\"Home\",\"item\":\"https:\\\/\\\/ekaltech.pl\\\/\"},{\"@type\":\"ListItem\",\"position\":2,\"name\":\"Kultura firmy\"}]},{\"@type\":\"WebSite\",\"@id\":\"https:\\\/\\\/ekaltech.pl\\\/#website\",\"url\":\"https:\\\/\\\/ekaltech.pl\\\/\",\"name\":\"Ekaltech Biuro In\u017cynierii Systemowej\",\"description\":\"Specjalizujemy si\u0119 w automatyce przemys\u0142owej, automatyce budynkowej, projektowaniu uk\u0142ad\u00f3w sterowania.\",\"publisher\":{\"@id\":\"https:\\\/\\\/ekaltech.pl\\\/#organization\"},\"potentialAction\":[{\"@type\":\"SearchAction\",\"target\":{\"@type\":\"EntryPoint\",\"urlTemplate\":\"https:\\\/\\\/ekaltech.pl\\\/?s={search_term_string}\"},\"query-input\":{\"@type\":\"PropertyValueSpecification\",\"valueRequired\":true,\"valueName\":\"search_term_string\"}}],\"inLanguage\":\"pl-PL\"},{\"@type\":\"Organization\",\"@id\":\"https:\\\/\\\/ekaltech.pl\\\/#organization\",\"name\":\"Ekaltech Biuro In\u017cynierii Systemowej\",\"url\":\"https:\\\/\\\/ekaltech.pl\\\/\",\"logo\":{\"@type\":\"ImageObject\",\"inLanguage\":\"pl-PL\",\"@id\":\"https:\\\/\\\/ekaltech.pl\\\/#\\\/schema\\\/logo\\\/image\\\/\",\"url\":\"https:\\\/\\\/ekaltech.pl\\\/wp-content\\\/uploads\\\/2018\\\/02\\\/cropped-EKALTECH-LOGO-1.png\",\"contentUrl\":\"https:\\\/\\\/ekaltech.pl\\\/wp-content\\\/uploads\\\/2018\\\/02\\\/cropped-EKALTECH-LOGO-1.png\",\"width\":332,\"height\":172,\"caption\":\"Ekaltech Biuro In\u017cynierii Systemowej\"},\"image\":{\"@id\":\"https:\\\/\\\/ekaltech.pl\\\/#\\\/schema\\\/logo\\\/image\\\/\"}}]}<\/script>\r\n<!-- \/ Yoast SEO plugin. -->","yoast_head_json":{"title":"Kultura firmy - Ekaltech Biuro In\u017cynierii Systemowej","robots":{"index":"index","follow":"follow","max-snippet":"max-snippet:-1","max-image-preview":"max-image-preview:large","max-video-preview":"max-video-preview:-1"},"canonical":"https:\/\/ekaltech.pl\/index.php\/kultura-firmy\/","og_locale":"pl_PL","og_type":"article","og_title":"Kultura firmy - Ekaltech Biuro In\u017cynierii Systemowej","og_description":"WARTO\u015aCI I PRIORYTETY EKALTECH Wizja firmy Naszym celem jest Zrozumie\u0107 potrzeby klienta, dostarczaj\u0105c optymalne innowacyjne rozwi\u0105zania. Poznajemy konkretne potrzeby naszych klient\u00f3w i ich problemy zapewniaj\u0105c im najwy\u017csz\u0105 jako\u015b\u0107 us\u0142ug. Gotowo\u015b\u0107 do podj\u0119cia odpowiedzialno\u015bci jest nasz\u0105 mocn\u0105 stron\u0105, przywi\u0105zujemy wielk\u0105 wag\u0119 do zapewnienia sukcesu naszym klientom dzi\u0119ki oferowanym rozwi\u0105zaniom. Rozw\u00f3j firmy Od 11 lat EKALTECH poszerza [&hellip;]","og_url":"https:\/\/ekaltech.pl\/index.php\/kultura-firmy\/","og_site_name":"Ekaltech Biuro In\u017cynierii Systemowej","article_modified_time":"2019-06-14T08:52:13+00:00","og_image":[{"url":"http:\/\/ekaltech.pl\/wp-content\/uploads\/2019\/06\/zdjecie_KULTURA_FIRMY-Copy-1070x535.jpg","type":"","width":"","height":""}],"twitter_card":"summary_large_image","twitter_misc":{"Szacowany czas czytania":"1 minuta"},"schema":{"@context":"https:\/\/schema.org","@graph":[{"@type":"WebPage","@id":"https:\/\/ekaltech.pl\/index.php\/kultura-firmy\/","url":"https:\/\/ekaltech.pl\/index.php\/kultura-firmy\/","name":"Kultura firmy - Ekaltech Biuro In\u017cynierii Systemowej","isPartOf":{"@id":"https:\/\/ekaltech.pl\/#website"},"primaryImageOfPage":{"@id":"https:\/\/ekaltech.pl\/index.php\/kultura-firmy\/#primaryimage"},"image":{"@id":"https:\/\/ekaltech.pl\/index.php\/kultura-firmy\/#primaryimage"},"thumbnailUrl":"http:\/\/ekaltech.pl\/wp-content\/uploads\/2019\/06\/zdjecie_KULTURA_FIRMY-Copy-1070x535.jpg","datePublished":"2019-03-28T07:32:25+00:00","dateModified":"2019-06-14T08:52:13+00:00","breadcrumb":{"@id":"https:\/\/ekaltech.pl\/index.php\/kultura-firmy\/#breadcrumb"},"inLanguage":"pl-PL","potentialAction":[{"@type":"ReadAction","target":["https:\/\/ekaltech.pl\/index.php\/kultura-firmy\/"]}]},{"@type":"ImageObject","inLanguage":"pl-PL","@id":"https:\/\/ekaltech.pl\/index.php\/kultura-firmy\/#primaryimage","url":"http:\/\/ekaltech.pl\/wp-content\/uploads\/2019\/06\/zdjecie_KULTURA_FIRMY-Copy-1070x535.jpg","contentUrl":"http:\/\/ekaltech.pl\/wp-content\/uploads\/2019\/06\/zdjecie_KULTURA_FIRMY-Copy-1070x535.jpg"},{"@type":"BreadcrumbList","@id":"https:\/\/ekaltech.pl\/index.php\/kultura-firmy\/#breadcrumb","itemListElement":[{"@type":"ListItem","position":1,"name":"Home","item":"https:\/\/ekaltech.pl\/"},{"@type":"ListItem","position":2,"name":"Kultura firmy"}]},{"@type":"WebSite","@id":"https:\/\/ekaltech.pl\/#website","url":"https:\/\/ekaltech.pl\/","name":"Ekaltech Biuro In\u017cynierii Systemowej","description":"Specjalizujemy si\u0119 w automatyce przemys\u0142owej, automatyce budynkowej, projektowaniu uk\u0142ad\u00f3w sterowania.","publisher":{"@id":"https:\/\/ekaltech.pl\/#organization"},"potentialAction":[{"@type":"SearchAction","target":{"@type":"EntryPoint","urlTemplate":"https:\/\/ekaltech.pl\/?s={search_term_string}"},"query-input":{"@type":"PropertyValueSpecification","valueRequired":true,"valueName":"search_term_string"}}],"inLanguage":"pl-PL"},{"@type":"Organization","@id":"https:\/\/ekaltech.pl\/#organization","name":"Ekaltech Biuro In\u017cynierii Systemowej","url":"https:\/\/ekaltech.pl\/","logo":{"@type":"ImageObject","inLanguage":"pl-PL","@id":"https:\/\/ekaltech.pl\/#\/schema\/logo\/image\/","url":"https:\/\/ekaltech.pl\/wp-content\/uploads\/2018\/02\/cropped-EKALTECH-LOGO-1.png","contentUrl":"https:\/\/ekaltech.pl\/wp-content\/uploads\/2018\/02\/cropped-EKALTECH-LOGO-1.png","width":332,"height":172,"caption":"Ekaltech Biuro In\u017cynierii Systemowej"},"image":{"@id":"https:\/\/ekaltech.pl\/#\/schema\/logo\/image\/"}}]}},"_links":{"self":[{"href":"https:\/\/ekaltech.pl\/index.php\/wp-json\/wp\/v2\/pages\/71972","targetHints":{"allow":["GET"]}}],"collection":[{"href":"https:\/\/ekaltech.pl\/index.php\/wp-json\/wp\/v2\/pages"}],"about":[{"href":"https:\/\/ekaltech.pl\/index.php\/wp-json\/wp\/v2\/types\/page"}],"author":[{"embeddable":true,"href":"https:\/\/ekaltech.pl\/index.php\/wp-json\/wp\/v2\/users\/1"}],"replies":[{"embeddable":true,"href":"https:\/\/ekaltech.pl\/index.php\/wp-json\/wp\/v2\/comments?post=71972"}],"version-history":[{"count":15,"href":"https:\/\/ekaltech.pl\/index.php\/wp-json\/wp\/v2\/pages\/71972\/revisions"}],"predecessor-version":[{"id":73858,"href":"https:\/\/ekaltech.pl\/index.php\/wp-json\/wp\/v2\/pages\/71972\/revisions\/73858"}],"wp:attachment":[{"href":"https:\/\/ekaltech.pl\/index.php\/wp-json\/wp\/v2\/media?parent=71972"}],"curies":[{"name":"wp","href":"https:\/\/api.w.org\/{rel}","templated":true}]}}